 67, -3*j + 2*l + 50 = -j. Let g = -13 + j. What is the remainder when c is divided by g?
9
Let r(c) = 15*c - 42. What is the remainder when 122 is divided by r(4)?
14
Suppose -26*h + 24*h = -2*z + 68, z + h - 28 = 0. Suppose -x + 0*x + 123 = 0. What is the remainder when x is divided by z?
30
Let f be (3/4)/((-1)/(-4)). Let a be -1*(-6)/f - 10. Let q = 10 + a. What is the remainder when 7 is divided by q?
1
Let m = -192 - -199. What is the remainder when 111 is divided by m?
6
Let y(v) = 12*v + 8. Let p be y(-5). Let i = -38 - p. Let q(k) = -19*k + 2. What is the remainder when q(-2) is divided by i?
12
Let a = -1432 + 1471. Let j = 420 + -268. What is the remainder when j is divided by a?
35
Let x(y) = y**3 + 6*y**2 + 4*y. Calculate the remainder when 14*(-4 + 12) + -3 is divided by x(-4).
13
Let c(m) = 9*m**2 - 7*m - 4. What is the remainder when 359 is divided by c(-1)?
11
Let m = -419 - -456. What is the remainder when 255 is divided by m?
33
Let k = 1072 - 1066. What is the remainder when 309 is divided by k?
3
What is the remainder when (19/2)/((-1)/(-2)) is divided by (-246)/(-50) - (-94)/1175?
4
Calculate the remainder when 307/5 - (-6)/(-15) is divided by 20.
1
Suppose -s + 35 = 3*s + 5*m, -3*m - 90 = -5*s. Suppose -3*l = -s, -l = h - 0 - 10. What is the remainder when h is divided by 4?
1
Let m be 15/4 - 2/(-8). Suppose 1 = -y, y + 59 = m*h - 50. Let i = -114 - -166. Calculate the remainder when i is divided by h.
25
What is the remainder when 82 is divided by ((-4)/1 - -7)*15?
37
Let b(z) = z - 3. Let r = -6 + 29. What is the remainder when r is divided by b(11)?
7
What is the remainder when 339 is divided by ((-31)/(-5))/((-1)/(-5))?
29
Suppose 60 = 3*z + 4*w, 0*z - 5*w = -2*z + 63. Let y = -74 - -59. Let x = y + 28. Calculate the remainder when z is divided by x.
11
Suppose 4*p = -8, p = -2*d - 3*p + 184. Suppose 2*k - 5*z = -9*z + 66, -2*k + 2*z = -d. What is the remainder when 170 is divided by k?
41
Suppose -607 = -38*x + 39. What is the remainder when 254 is divided by x?
16
Calculate the remainder when 1295 is divided by (16/12)/(2 - (-230)/(-120)).
15
Suppose 2*m + 5*x + 30 = 0, 0 = -4*m + 3*m + x - 1. Let y be (9/m - -1)*-5. Suppose 0*r + y*r - 100 = 0. Calculate the remainder when r is divided by 14.
11
Let u(h) = -h**2 - 24*h - 88. Calculate the remainder when 243 is divided by u(-19).
5
Let a(d) = 13*d - 33. Let k be a(18). Suppose -3*f = -k + 81. Calculate the remainder when f is divided by 11.
7
Suppose 0 = -a - 4*a. Suppose a = 4*z - 2*z - 8. Suppose 5*h - 113 = b, -4*h = -z*b - 23 - 77. Calculate the remainder when h is divided by 6.
4
Let b = 1 + 2. Suppose -2*u + 47 = -5*s + 288, 0 = b*s + u - 138. Calculate the remainder when s is divided by 18.
11
Suppose 2*a = -4*d + 21 + 9, 2*d + 5*a + 5 = 0. Calculate the remainder when 25 is divided by d.
5
Suppose 2*c - 14 = -b - b, c = 2*b - 5. Suppose 10 = -2*g, 0 = y - b*g - 12 - 11. Suppose -3*t + 15 = 2*t. What is the remainder when t is divided by y?
0
Suppose -y + 4*h = y - 26, 2*h = 5*y - 73. Let a = 3 - 6. Calculate the remainder when 30 + a*2/3 is divided by y.
13
Let v = -25 + 27. What is the remainder when 78 is divided by 26 - (v + 1) - 3?
18
What is the remainder when 227 is divided by (-31 - -31) + (-23)/(-1)?
20
Suppose 0 = 7*p - 6*p - 7. What is the remainder when p is divided by (0 - -12)/4 - -1?
3
Let u(h) = -h**3 + 3*h**2 + 7*h. Calculate the remainder when 118 is divided by u(4).
10
Let b = -37 + 43. Calculate the remainder when (-1 - 363/9)*(-9)/b is divided by 33.
29
Let h = -34 + 50. Suppose 8*m = 4*m + h. Suppose 10 + 19 = 3*o - 2*b, m*o = -b + 46. What is the remainder when 29 is divided by o?
7
Let k(t) = t**3 + 2*t**2 + 4*t - 1. What is the remainder when k(3) is divided by (-1)/(-3) + 672/36?
18
Suppose 4*m - 317 = -37. What is the remainder when 208 is divided by m?
68
Let b = -80 - -126. What is the remainder when 175 is divided by b?
37
Let v be (24/18)/(-4) + 44/6. Suppose 11*c - 64 = v*c. What is the remainder when 78 is divided by c?
14
Suppose -67*b + 69*b - 10 = 0. What is the remainder when 274 is divided by b?
4
Suppose -4*q = -623 - 181. Suppose 0 = 6*v - 3*v - q. What is the remainder when v is divided by 24?
19
Let q be ((-273)/(-6))/(-1)*(-24)/42. Let n = 51 - q. Calculate the remainder when 47 is divided by n.
22
Let q(o) = 16*o**3 - o**2 + 2*o - 1. Let m(u) = u**2 + 12*u + 37. What is the remainder when q(1) is divided by m(-8)?
1
Suppose 4*u - 16 = 0, -7*c + 8*c = -2*u + 120. What is the remainder when c is divided by 39?
34
Let q(w) = 9*w - 3. Let v be (-3)/(-3)*(2 + 2). Suppose -v*z = -45 - 7. Calculate the remainder when q(3) is divided by z.
11
Let x(a) = a**3 + 4*a**2 + 4. Calculate the remainder when (2 - 1) + 11 + (15 - -8) is divided by x(-3).
9
Suppose -4*c + 20 = -2*p - 0*c, -12 = 4*p - c. Let o be (p/(-3))/((-5)/(-15)). What is the remainder when 17 is divided by 8 + (1 - 2) - o?
2
Suppose -a + 0*l + 2*l = -62, 0 = -5*a - l + 365. Calculate the remainder when a is divided by 15.
12
Suppose 308 + 514 = 2*x. Calculate the remainder when x is divided by 69.
66
Suppose -2*h - 5*p - 67 = -288, -4*h + 4*p = -484. What is the remainder when h is divided by 40?
38
What is the remainder when 7 is divided by -4 + 0 + 9 + -3?
1
Let l(n) = 5*n - 6. Let r be l(10). Let x = r - -6. What is the remainder when 96 is divided by x?
46
Suppose 4*l - 27 - 33 = 0. Calculate the remainder when l is divided by (-112)/(-8) + -9 - (-4 + -1).
5
Let p = 5 + 5. Let y(a) = -p + 6*a + 1 - 5*a + 2*a. Calculate the remainder when y(8) is divided by 9.
6
Let l(t) = 2*t**2 + 19*t - 9. Let o be l(-11). Suppose -3*v + 5*v = 8. Suppose -v*j + o = -12. Calculate the remainder when 14 is divided by j.
5
Suppose -20*g + 15 = -17*g. What is the remainder when 21 is divided by g?
1
Suppose m = g + 91 + 156, -g + 1 = 0. What is the remainder when m is divided by 60?
8
Let i = -14 + 22. Suppose i*n - 3*n = 340. What is the remainder when n is divided by 35?
33
Suppose -4*v + 1 = -7. Let g be (10/(-15))/(v/3). What is the remainder when g - 2/(-1) - -10 is divided by 3?
2
Suppose -3*m = 6*m + 297. Let v = m - -48. Calculate the remainder when v is divided by 4.
3
Let t(h) = -h**2 + 6*h - 2. Let w be t(5). Let c = 5 + w. Suppose x - 15 = 6. What is the remainder when x is divided by c?
5
Let a(h) = -h + 12. Let t be a(5). Suppose 121 = t*o - 6*o + 5*g, 2*g = -10. Calculate the remainder when o is divided by 25.
21
Suppose -45 = 5*w - 5. Let z(s) = -2*s - 4. Calculate the remainder when (58 + -12)*2/2 is divided by z(w).
10
Let t = -4944 - -4951. Suppose 3*x = 4*g + 20, -3*g + 5 - 3 = 2*x. Let w = g - -7. Calculate the remainder when t is divided by w.
2
Let p(z) = 4*z**2 - 4*z - 2. Let x(k) = 6*k - 50. Let r be x(9). Calculate the remainder when p(r) is divided by 26.
20
Suppose 24 = -8*c + 4*c. Let t = c + 13. Suppose -3 + t = w. Calculate the remainder when 6 is divided by w.
2
Suppose 2*t = 10*c - 12*c + 84, -98 = -2*t + 5*c. Calculate the remainder when t is divided by 37.
7
Let y = 139 + -96. Suppose -6*d + 5*d = -1. Let j = y - d. What is the remainder when j is divided by 15?
12
Suppose 0 = 3*y - 3*w - 1146, 0 = -y - 5*w + 454 - 96. What is the remainder when y is divided by 76?
74
Suppose -2*w + w + 6 = -3*q, -4*q - 18 = -3*w. Calculate the remainder when 17 is divided by w.
5
Suppose 4*u - 4*b = -3*b + 1, -5*b - 5 = -4*u. Suppose 4*a + u*a = 48. Suppose 69 = -2*f + 5*f. What is the remainder when f is divided by a?
11
Let r = 310 + -260. Calculate the remainder when 698 is divided by r.
48
What is the remainder when 12/(-9) + (-4180)/(-30) is divided by 59?
20
Let x(p) = -p**2 + 6*p + 21. Let i be x(-4). Let t = 7 - i. What is the remainder when 51 is divided by t?
25
Let j = 61 + 46. Suppose -11*l = j - 426. What is the remainder when 85 is divided by l?
27
Let d = -57 + -9. Calculate the remainder when 19 is divided by 10/(-4)*(-11)/(d/(-12)).
4
Suppose 14*i - 185 = -5*d + 19*i, 3*d - 105 = i. What is the remainder when 121 is divided by d?
19
Suppose -2*d = 206 - 2. Let m = -63 - d. Suppose m = 4*k - 2*o - o, -1 = o. What is the remainder when 33 is divided by k?
6
Let p(k) = -10*k - 1. Let t(x) = -x**2 - x - 1. Let j(z) = -p(z) + t(z). Let a = 1